the tens digit of x?
1
Suppose 2*m - 362 = -4*y, m - 521 = -2*m + 5*y. What is the hundreds digit of m?
1
Let h be -2 + (0/(-2))/(-2). Let t be 2*-10*h/8. Suppose -4*a - 7 = -t*a. What is the units digit of a?
7
What is the units digit of (-324)/24*2*-1?
7
Let v = -26 - -48. What is the tens digit of v?
2
Suppose f = -0 + 4. What is the units digit of f?
4
Suppose -5*g + 31 = c + 3*c, 5*g = -2*c + 23. Suppose -m - 4 = -3*k, -2*k + 8 = m - g. Suppose -v + m*y = 2*v - 41, 5*y + 27 = v. What is the units digit of v?
7
Let l(b) = b**3 + 12*b**2 - 13*b - 17. Let q be l(-13). Let t = 17 - q. What is the tens digit of t?
3
Let z be (-6)/(-2)*(1 - -1). Let w be 26*(-1 - (-9)/z). Suppose -3 - w = -2*r. What is the units digit of r?
8
Let n(i) = -i**3 + 13*i**2 + i + 9. Let s be (2/((-4)/26))/(-1). What is the tens digit of n(s)?
2
Let a = -2 + 1. Suppose 0 = 8*u - 5 - 51. What is the units digit of a - 7/(u/(-18))?
7
Let l = 66 - 7. What is the units digit of l?
9
Let f(k) = -k**3 + 5*k**2 + 8*k - 7. Let y be f(6). Suppose 40 - 150 = -y*o. What is the tens digit of o?
2
Suppose 5 = -2*j + 3*i, 0 = j - 4*i - 4 + 14. Let q(v) = 3*v - 4. What is the units digit of q(j)?
2
What is the units digit of (-22)/(-11)*3*1?
6
Suppose -4*i + 10 = -5*k, 0 = -5*k - 4*i + 5*i + 5. Let t(j) = 6 - j + k*j - 2*j. What is the units digit of t(5)?
1
Let z(y) = 0 - 8*y + 4 - 5 + 0. What is the units digit of z(-2)?
5
Let b(s) = 13 + 4 - 6*s + s**2 - 17. Let l be b(7). What is the tens digit of (-6)/(-21) + 110/l?
1
Let t(n) = -2*n**2 - n + 3. Let b be t(-4). Let o = b + 47. What is the tens digit of o?
2
Suppose y = -13*y + 266. What is the units digit of y?
9
Suppose -3*x - 9 = 0, 4*x - 3*x = 3*f - 339. What is the hundreds digit of f?
1
Suppose 2 = 2*d + 4*q - 2, 8 = 4*d + q. Suppose -j = -d*f - 13, j - 5*f - 13 - 6 = 0. What is the units digit of j?
9
Let a(w) = -w**3 - 13*w**2 + 7*w - 26. What is the units digit of a(-14)?
2
Suppose 4*q + 20 = 0, -2 = 4*n + 4*q + 26. What is the tens digit of 548/16 + n/8?
3
Let i(y) = -y + 7. Let q be 53/11 + (-8)/(-44). Let k be i(q). Suppose m + 3 = k*m. What is the units digit of m?
3
Let x(w) = w**3 + 4*w**2 + 7*w + 6. Let p be x(-4). Let b = p - -2. What is the units digit of (b - -4)*(-2)/4?
8
Suppose -2*w = -59 + 13. What is the units digit of w?
3
Suppose 4*w + 288 = b, -5*b - 7*w + 1344 = -3*w. What is the units digit of b?
2
Let i(l) = 5*l - 3. Suppose -3*y + 4 = -5. What is the units digit of i(y)?
2
Let r(j) = 8*j - 11. What is the hundreds digit of r(15)?
1
Suppose 0 = -4*n - 5*k + 56, -5*n = 2*k - 0*k - 53. Let h = n - -5. Let v = h - 7. What is the units digit of v?
7
Let i(k) = -k**2 + 9*k + 12. Let b be i(10). Suppose 3*n - b*p = -0*n + 88, 10 = -2*p. What is the tens digit of n?
2
Suppose 5*y + 4*p = 5, 5*y + 4 = 5*p + 9. Suppose -y - 11 = -x. What is the units digit of x?
2
Suppose -3*u - 5*k - 23 = -4*k, -3*u = -3*k + 15. Let s = u - -12. Suppose s*o + 5*d - 35 = -0*d, o = -2*d + 8. What is the units digit of o?
6
Suppose 4*x - 60 = -4*h, h - 3*h = -x + 24. What is the units digit of (-32)/(-6)*x/8?
2
Suppose -2*l + 1 + 7 = 0. Suppose l*x = x + 36. What is the tens digit of x?
1
Let j be 1/(((-4)/6)/(-2)). Suppose -j*y = -y - 2. What is the units digit of y?
1
Suppose v - 60 + 2 = 0. Suppose 0 = -2*y - 4*l + v, -3*y - 5*l + l + 77 = 0. What is the tens digit of y?
1
Let l(s) = s**3 + 6*s**2 - s - 9. What is the tens digit of l(5)?
6
Suppose -5*g + 15 = 5. Suppose 5*d = -5*w + 45, -5*w - 52 = -g*d + 1. What is the tens digit of d?
1
Let o(f) = f - 2. Let a be o(2). Suppose -5*c = -a*c - 100. What is the units digit of c?
0
Let m be 4/8*0/1. Let q(t) = -t - 5. Let x be q(0). What is the units digit of m - (x + 2) - -2?
5
Suppose 4*r - 5*o = 519, o - 255 = -2*r + 2*o. What is the tens digit of r?
2
Let f = 10 - 5. Suppose 4*d + 3*i + 4 = f, 2*i - 6 = -4*d. What is the units digit of d?
4
Let a be (-2)/(-2)*0/5. Suppose a*c - 24 = -4*c. What is the units digit of (-16)/(-2)*c/8?
6
Let x(j) = 19*j**2 + 5*j - 3. What is the tens digit of x(2)?
8
Suppose -b + j = 0, -3*b + 3*j = -7*b + 14. Suppose -2*i - 4*z - 22 = -4*i, b*i - z - 13 = 0. Suppose 5*p - 6*p + i = 0. What is the units digit of p?
5
Let j be 2*(1 + 9/(-6)). Let c = 5 + j. What is the units digit of c?
4
Suppose -f = 3*f - 72. Let k = f + -16. What is the units digit of k?
2
Let o = -3 + 7. Suppose r - 4*h + 37 = -o*r, -h = 2. Let w = -2 - r. What is the units digit of w?
7
Let c(d) = -2*d + 1. Let n = 4 - 4. Suppose -3*l - 2*l + 5 = 3*o, n = 4*l + 3*o - 7. What is the units digit of c(l)?
5
Let o = -25 + 26. What is the units digit of o?
1
Suppose -r + 0*r = 5*h - 117, 0 = -5*r - 4*h + 543. What is the hundreds digit of r?
1
Suppose -5*k = 15 - 95. Suppose 3*m - k = 116. What is the tens digit of m?
4
Let l(z) = -3*z + 1. Let w = 3 + -4. Let c = w - 0. What is the units digit of l(c)?
4
Let b(v) = 14*v**2 + 1. Let h = -9 + 8. What is the units digit of b(h)?
5
Suppose u + u - 4 = 0. What is the units digit of u - -5*1 - 0?
7
Let t(h) = h**2 + h + 16. Let y be t(0). Let w be (-2 + y/10)*-5. Suppose -j - w = 2*z - 28, 4*z = -j + 36. What is the units digit of j?
6
Let f(i) = i**2 - 5*i - 7. Let w be f(6). Let u = w + 13. What is the units digit of u?
2
Let q(m) = m - 9. Let d be q(9). Let c be d/((-5)/((-10)/(-4))). What is the units digit of ((-3)/(-6) - c)*2?
1
Let w(c) = -c**3 - 5*c**2 - 5*c + 3. Let t be w(-4). Suppose t*k = 2*k + 2*i + 156, 2*k + 2*i - 54 = 0. What is the tens digit of k?
3
Suppose 3*b = 7*b + 32. Let a(n) = n**3 - 4*n**2 + 3*n + 2. Let w be a(3). What is the units digit of (-2 + b)/(w/(-4))?
0
Let r(c) = -c - 4. Let w be r(-6). Let n(b) = b + 3. Let m be n(3). What is the tens digit of 33/m*(w - 0)?
1
Let s be 2884/(-20) + 1/5. Let i be 3 - 7/(21/s). Suppose -i = -3*t + f, 15 = -f - 4*f. What is the tens digit of t?
1
Let s(b) = 27*b**3 - b**2 + 1. Let h(p) = 54*p**3 - 2*p**2 + 2. Let r(n) = -2*h(n) + 5*s(n). What is the tens digit of r(1)?
2
Suppose -3*k + 6 = -2*k. Let i = k - 2. Suppose 0 = -3*u + t + 17, -i + 1 = -3*t. What is the units digit of u?
6
Let x = -9 - -16. Let i(w) = 10*w**2 + 6*w - w**3 - 4*w**2 + 0 + 9. What is the units digit of i(x)?
2
Suppose -z + 4*z - 4*k = 84, z - 28 = 3*k. What is the tens digit of z?
2
Let x(l) = 2*l**2 + 4*l + 7. Let n(f) = f**2 + 8*f - 15. Let k be n(-9). What is the units digit of x(k)?
5
Suppose -4*q + 1 = -15. Suppose h + 9 = q*h. What is the units digit of h?
3
Let u = 21 + -13. What is the units digit of u?
8
Let v be (-305)/20*-4*1. Suppose -3*d - 63 = -4*s, -2*s + 5*s = 5*d + v. What is the units digit of s?
2
Let f = -8 - -11. What is the tens digit of (10/4)/(f/12)?
1
Suppose n - 3*n = -2*d - 40, 40 = 2*n + 4*d. Suppose -5*q = -q - n. Suppose -24 = -q*u + 1. What is the units digit of u?
5
Let m = -8 - -12. Suppose 21 = z - m*z. Let a = 15 + z. What is the units digit of a?
8
Suppose 5*g = -2*s + 23, 0*s + 2*s - 17 = -3*g. Let v(j) = 0*j**2 + j**2 + 4 + 1 - 3*j. What is the units digit of v(s)?
9
Let t = 82 + -58. What is the tens digit of t?
2
Let c(r) = 0 - 4 + 0 + 2*r. What is the units digit of c(6)?
8
Let x be 33*((-14)/(-6) + -2). Suppose -5 = -x*a + 6*a. What is the units digit of a?
1
Suppose -r + 1465 = 2*r - o, 1 = -o. Suppose -3*m + 216 = -d, 4*d - m + r = -332. What is the units digit of (-4)/14 - d/28?
7
Let x(j) = -2*j - 3. Let u be x(-4). Suppose u*f + 27 = 2. What is the units digit of (-8)/20 + (-32)/f?
6
Let g = 3 + -3. Let m be 35 + g*3/(-9). Suppose -91 = -5*h - 3*s, -5*h = -5*s - 40 - m. What is the units digit of h?
7
Let k(y) = -3*y - 3. Let m be k(-3). Suppose 117 = 3*l + m. What is the tens digit of l?
3
Let j = 108 - 12. What is the units digit of j?
6
Let a = 180 - 112. What is the tens digit of a?
6
Suppose 5*a = -0*a + 65. What is the tens digit of a?
1
Suppose -811 - 861 = 4*w. What is the units digit of w/(-18) - 4/18?
3
What is the tens digit of (24 - 29)*(-27)/5?
2
Suppose -4*t + 16 + 24 = 0. Let c be 37/5 + 6/t. Suppose 0 = 4*x - c, -2*v + 3*x + 2 = 0. What is the units digit of v?
4
Suppose -3*v + 5 + 22 = -3*f, -v = -5*f - 25. Let u = 1 + v. What is the units digit of u?
6
Suppose -3*k - 25 = 2*k. Let t be 1 + k/(10/(-4)). Suppose t*c - 56 = -20